- 100 = 3*u. Let j = -19 + b. Suppose 348 - 6 = j*p. What is the remainder when p is divided by 29?
27
Suppose 30*z - 2273 = 517. What is the remainder when z is divided by 47?
46
Let a be (-9)/(-21) + (-33)/(-21). Suppose -2*d - 38 = -a*k, 3*d - 87 - 17 = -4*k. Calculate the remainder when 43 is divided by k.
20
Let g be -3*(-2 - 1 - -2). Suppose -104 = -7*v + g*v + 3*q, 2*q = v - 26. Calculate the remainder when 102 is divided by v.
24
What is the remainder when ((-6)/(-4))/((-2)/((-5840)/15)) is divided by 14?
12
What is the remainder when 29 is divided by 2 + 1 + -5 + 2 + 29?
0
Let c(k) = 22*k. Let w be c(-6). Let p = 13 - w. Calculate the remainder when 62 is divided by 2/7 + p/7.
20
Let l(r) = 62*r + 27. What is the remainder when l(10) is divided by 26?
23
Let y(k) = -k**2 + k + 4. Let h be y(0). Suppose 0 = -h*q - z + 133, q - 22 = -5*z + 35. What is the remainder when 158 is divided by q?
30
Suppose 24*k - 15*k - 2160 = 0. Calculate the remainder when k is divided by 62.
54
Let u be (-2)/(6/(-351)) - 2. Let d = u - 163. What is the remainder when (-126)/(-4) + d/(-32) is divided by 12?
9
Let l = 30 - -29. Calculate the remainder when 116 is divided by l.
57
Let b(p) = -4*p - 33. Suppose s - 30 = 3*s. Calculate the remainder when 78 is divided by b(s).
24
Let x(n) be the first derivative of n**3/3 - 3*n**2/2 - 10*n - 17. What is the remainder when 32 is divided by x(7)?
14
Let r be 1 + (5 - -114) + -1. Let a = 258 - r. What is the remainder when a is divided by 48?
43
Calculate the remainder when 15/30 - 918/(-4) is divided by 11.
10
Let g(x) = x**3 + 12*x**2 - 15*x + 41. Calculate the remainder when g(-13) is divided by 23.
21
Let a = 189 - 126. Let z = a - 48. What is the remainder when 50 is divided by z?
5
Suppose 0 = 2*j - 3*g + g - 6, -6 = -2*j + g. Suppose -4*d = -d - j. What is the remainder when d is divided by 2/5 - 9/(-15)?
0
Suppose -2*n + 4 = 4*v, 0 = -5*n + 3*n - v + 7. Suppose p = n*l + 61, -p - 389 = -6*p - l. Suppose 22 = 3*c - p. What is the remainder when 98 is divided by c?
32
Suppose 0 = -10*k + 60 + 10. Calculate the remainder when k is divided by 4.
3
Let g(t) = t**3 - t**2 - t. Let x(o) = -4*o**3 - 15*o**2 + 9*o + 9. Let q(m) = 5*g(m) + x(m). Calculate the remainder when q(20) is divided by 15.
14
Suppose 6*v - 20 = 2*v. Suppose -50 = -v*j + 40. Calculate the remainder when 33 is divided by j.
15
Let z be 10 - (-1)/(1 + -2) - -3. Let i(p) = 4*p**2 + 4*p - 5. What is the remainder when i(4) is divided by (-245)/(-7) - z/(-3)?
36
Let r(d) = 2 - d**2 + 0*d**3 - d**2 - d**3 - 6. Let y be r(-3). What is the remainder when 26 is divided by (-2)/y - 37/(-5)?
5
Suppose 5*f = -5, f = 2*m - m + 40. Let y = 130 + m. Suppose 5*b - y = 21. What is the remainder when 63 is divided by b?
19
What is the remainder when 14/63 + (-993)/(-27) is divided by 13?
11
Let y(x) = -22*x**3 + x**2. Let s be (-3)/((-12)/524) + 1. Suppose -6*w = -9*w + s. What is the remainder when w is divided by y(-1)?
21
Suppose -3*z + 37 = 2*y, 12 + 16 = 2*z + 2*y. Calculate the remainder when 36 is divided by z.
0
Let o = -39 + 44. Suppose -p = 3*y - o*p - 161, 0 = -2*y + p + 109. What is the remainder when y is divided by 7?
6
Let l(s) = -s**3 - 4*s**2 - s - 13. Let z be l(-6). Suppose 4*y - 252 = 4*u, -y + 0*y - u = -z. What is the remainder when y is divided by 22?
20
Let y = -196 - -234. Let u(o) = -o**2 + 4 + 6*o + 2*o**2 + 0*o**2. Calculate the remainder when y is divided by u(-8).
18
Let u = 410 - 399. Calculate the remainder when 109 is divided by u.
10
Let s = -7 + 13. Suppose 19*m - 21*m = 66. Let t = 43 + m. What is the remainder when t is divided by s?
4
Let j be 3 - (-2)/(2/(-5)). Let s be (-1)/j*(1 - 1). Suppose 2*o - 7*o + 115 = s. Calculate the remainder when 89 is divided by o.
20
Let i be -5 - (-5)/((-10)/(-6)). Let o be 2/(i/(-5)) + -3. What is the remainder when 30 is divided by (-33)/18*-3*o?
8
Suppose 3*y - 2*c - 43 = 0, -4*y + 3*c - 5*c = -48. Let u = 16 - y. Suppose 0 = u*i - 19 - 5. What is the remainder when 20 is divided by i?
4
Suppose 7 = l - 104. What is the remainder when l is divided by 23?
19
Suppose 3*x - 3*d - 84 = 0, 5*x - 232*d = -235*d + 148. Suppose -3*h - 26 = -2*n - h, 4*n + 4*h - 84 = 0. Calculate the remainder when x is divided by n.
12
Let s be 3 + (-3)/((-3)/41). Suppose 4*r - s = 2*r. Let v = 43 - -65. Calculate the remainder when v is divided by r.
20
Let f be 259/4 + (-24)/32. Suppose -2*h = -30 - f. Calculate the remainder when h is divided by 16.
15
Suppose 3*h - 6 = -0. Let w be (189/6)/(h/4). Calculate the remainder when 27 is divided by w/6 + 4/(-8).
7
Let x be 70 - (-5)/(0 - 1). Suppose -2*i + 29 = -21. Let u = x - i. What is the remainder when 77 is divided by u?
37
Let f be (200/12)/(6/27). Let w = -11 + f. What is the remainder when w is divided by 23?
18
Suppose 3*r - 10 = r. Let i = r + 5. Suppose 2*t - 3*a + 30 = 93, 4*a - 123 = -5*t. What is the remainder when t is divided by i?
7
Let t(d) = -8*d - 25. What is the remainder when t(-8) is divided by 12?
3
Let n(l) = -9*l**3 + 6*l**2 + 17*l + 7. Let y(m) = 4*m**3 - 3*m**2 - 8*m - 3. Let h(r) = -3*n(r) - 7*y(r). What is the remainder when 13 is divided by h(4)?
1
Let l = 514 + -488. Calculate the remainder when 26 is divided by l.
0
Let a(q) = -54*q - 196. Calculate the remainder when 639 is divided by a(-4).
19
Let n be (-1 + (-14)/(-10))*5. Suppose -p + 27 = -4*i - 13, -n*p + 3*i + 95 = 0. What is the remainder when p is divided by 16 - 9 - (-8 - -1)?
10
Let j(z) = -3*z**2 + 85*z - 302. Calculate the remainder when 4/(-12) + (-46)/(-3) is divided by j(24).
5
Let h = 382 + -330. Calculate the remainder when 207 is divided by h.
51
Suppose v = -2*a + 44, -3*a - 166 + 57 = -2*v. Calculate the remainder when 13 is divided by (2 - -2)*v/40.
3
Let m(p) = -3*p - 12. Let r be 10/30*(-33 + 0). What is the remainder when m(r) is divided by 6?
3
Suppose 0 = -3*l + 1 + 17. Let k(c) = c**2 - 37*c + 148. Calculate the remainder when k(34) is divided by l.
4
Let d(y) = -y**2 - 15*y - 26. What is the remainder when (-1 - -2)*(-6 + -5 + 58) is divided by d(-11)?
11
Suppose b + 4 = 0, 5*w + 22*b = 18*b - 16. Suppose w = 10*x - 6*x - 60. Calculate the remainder when x is divided by 4.
3
Suppose 74*p - 62*p = 132. What is the remainder when 141 is divided by p?
9
Suppose 9 + 137 = 3*b + 5*t, 130 = 3*b + t. Calculate the remainder when 118 is divided by b.
34
Suppose -132 = -4*t + 5*d, -2*t + 5*d - 17 = -83. Suppose 9 = -y + t. What is the remainder when 94 is divided by y?
22
Let f(m) = m**2 - m + 10. Suppose 10*x - 174 = -19*x. What is the remainder when f(0) is divided by x?
4
Let z be (-4)/30 + 385/75. Suppose 4*p + 35 = o, -z*o - 3*p - 50 = -294. What is the remainder when 185 is divided by o?
44
Calculate the remainder when 1/(-2) - 2*(-1434)/24 is divided by 24.
23
Let a(k) = -4*k**2 + 2*k + 6. What is the remainder when a(0) is divided by (1/(-1) - 1) + 5?
0
Let h be 4/(3 + 124/(-44)). Let j = 30 - h. What is the remainder when 14 is divided by j?
6
Let n = -78 - -109. Suppose 0 = 3*u - 4*m - n, -2*u = -0*m - m - 14. What is the remainder when 22 is divided by u?
2
Let l(m) = m**2 - 5*m + 4. Let t be l(4). Let x(y) = -y**2 - y + 10. What is the remainder when 67 is divided by x(t)?
7
Let l(x) = 19*x - 7. Suppose -9 = -2*b - k, 0*k + k = -b + 4. Calculate the remainder when l(b) is divided by 23.
19
Suppose 6*a - a - 95 = 0. Suppose 6*m - 11 = a. What is the remainder when 34 is divided by m?
4
Suppose 5 + 3 = -8*x. Let v(c) = -11*c**3 + c**2 - 1. Calculate the remainder when v(x) is divided by 6.
5
Calculate the remainder when 224 + (-36)/(-45)*-5 is divided by 13.
12
Suppose o - 55 = -2*d, -5*d = -0*d + 3*o - 138. Suppose 5*k - 5*a + 0*a = 420, 3*k - 5*a - 260 = 0. Calculate the remainder when k is divided by d.
26
Suppose -y + 165 = 5*n, n - 14 - 19 = 5*y. What is the remainder when n is divided by 12?
9
Let c = 100 - 97. What is the remainder when 74 is divided by 40/2 - (c - (5 + -6))?
10
Let p = -387 - -396. Calculate the remainder when p is divided by 2.
1
Suppose 25*c - 16*c - 4887 = 0. Calculate the remainder when c is divided by 13.
10
Suppose -3*j - 28 = 14. Let x = 30 + j. What is the remainder when (((-27)/(-2))/3)/((-41)/(-410)) is divided